{"id":59,"date":"2015-09-09T10:57:05","date_gmt":"2015-09-09T10:57:05","guid":{"rendered":"http:\/\/regionalforum-nrw.de\/?page_id=59"},"modified":"2015-09-09T10:57:38","modified_gmt":"2015-09-09T10:57:38","slug":"was-macht-das-regionalforum","status":"publish","type":"page","link":"http:\/\/regionalforum-nrw.de\/?page_id=59","title":{"rendered":"Was macht das regionalFORUM?"},"content":{"rendered":"<p>Das T\u00e4tigkeitsspektrum des Regionalforums ist vielseitig und erweitert sich kontinuierlich am jeweils aktuellen Bedarf. Zu den \u00fcblichen T\u00e4tigkeiten geh\u00f6ren u.a.<\/p>\n<ul>\n<li>der regelm\u00e4\u00dfige Erfahrungs- und Informationsaustausch der Regionen untereinander<\/li>\n<li>die Formulierung von Interessen und W\u00fcnschen aller Regionen<\/li>\n<li>die kritische Rezeption des LEADER-Programms in seiner praktischen Umsetzung<\/li>\n<li>die landesweite Vernetzung des LEADER-Gedankens und damit Beitr\u00e4ge zur Au\u00dfendarstellung im Land<\/li>\n<li>die Initiierung und Begleitung von offiziellen Veranstaltungen, z.B. auch der Gr\u00fcnen Woche in Berlin<\/li>\n<li>die gemeinschaftliche Umsetzung von LEADER-Projekten<\/li>\n<\/ul>\n","protected":false},"excerpt":{"rendered":"<p>Das T\u00e4tigkeitsspektrum des Regionalforums ist vielseitig und erweitert sich kontinuierlich am jeweils aktuellen Bedarf. Zu den \u00fcblichen T\u00e4tigkeiten geh\u00f6ren u.a. der regelm\u00e4\u00dfige Erfahrungs- und Informationsaustausch der Regionen untereinander die Formulierung von Interessen und W\u00fcnschen aller Regionen die kritische Rezeption des &hellip; <a href=\"http:\/\/regionalforum-nrw.de\/?page_id=59\">Weiterlesen <span class=\"meta-nav\">&rarr;<\/span><\/a><\/p>\n","protected":false},"author":1,"featured_media":0,"parent":0,"menu_order":0,"comment_status":"closed","ping_status":"closed","template":"","meta":[],"_links":{"self":[{"href":"http:\/\/regionalforum-nrw.de\/index.php?rest_route=\/wp\/v2\/pages\/59"}],"collection":[{"href":"http:\/\/regionalforum-nrw.de\/index.php?rest_route=\/wp\/v2\/pages"}],"about":[{"href":"http:\/\/regionalforum-nrw.de\/index.php?rest_route=\/wp\/v2\/types\/page"}],"author":[{"embeddable":true,"href":"http:\/\/regionalforum-nrw.de\/index.php?rest_route=\/wp\/v2\/users\/1"}],"replies":[{"embeddable":true,"href":"http:\/\/regionalforum-nrw.de\/index.php?rest_route=%2Fwp%2Fv2%2Fcomments&post=59"}],"version-history":[{"count":2,"href":"http:\/\/regionalforum-nrw.de\/index.php?rest_route=\/wp\/v2\/pages\/59\/revisions"}],"predecessor-version":[{"id":63,"href":"http:\/\/regionalforum-nrw.de\/index.php?rest_route=\/wp\/v2\/pages\/59\/revisions\/63"}],"wp:attachment":[{"href":"http:\/\/regionalforum-nrw.de\/index.php?rest_route=%2Fwp%2Fv2%2Fmedia&parent=59"}],"curies":[{"name":"wp","href":"https:\/\/api.w.org\/{rel}","templated":true}]}}

<p>Das Tätigkeitsspektrum des Regionalforums ist vielseitig und erweitert sich kontinuierlich am jeweils aktuellen Bedarf. Zu den üblichen Tätigkeiten gehören u.a.</p>
<ul>
<li>der regelmäßige Erfahrungs- und Informationsaustausch der Regionen untereinander</li>
<li>die Formulierung von Interessen und Wünschen aller Regionen</li>
<li>die kritische Rezeption des LEADER-Programms in seiner praktischen Umsetzung</li>
<li>die landesweite Vernetzung des LEADER-Gedankens und damit Beiträge zur Außendarstellung im Land</li>
<li>die Initiierung und Begleitung von offiziellen Veranstaltungen, z.B. auch der Grünen Woche in Berlin</li>
<li>die gemeinschaftliche Umsetzung von LEADER-Projekten</li>
</ul>

<p>Das Tätigkeitsspektrum des Regionalforums ist vielseitig und erweitert sich kontinuierlich am jeweils aktuellen Bedarf. Zu den üblichen Tätigkeiten gehören u.a. der regelmäßige Erfahrungs- und Informationsaustausch der Regionen untereinander die Formulierung von Interessen und Wünschen aller Regionen die kritische Rezeption des &hellip; <a href="http://regionalforum-nrw.de/?page_id=59">Weiterlesen <span class="meta-nav">&rarr;</span></a></p>
