{"id":54,"date":"2015-09-09T10:29:13","date_gmt":"2015-09-09T10:29:13","guid":{"rendered":"http:\/\/regionalforum-nrw.de\/?page_id=54"},"modified":"2016-11-30T14:36:18","modified_gmt":"2016-11-30T14:36:18","slug":"kontakt-zum-regionalforum","status":"publish","type":"page","link":"http:\/\/regionalforum-nrw.de\/?page_id=54","title":{"rendered":"Kontakt"},"content":{"rendered":"<p>Die Sprechergruppe, die das Forum nach au\u00dfen vertritt, besteht derzeit aus Alexander Sobotta (Z\u00fclpicher B\u00f6rde), Alexander Jaegers (Bocholter Aa \/ Baumberge) und Dr. Frank Br\u00f6ckling (Region Kulturlandschaft Ahaus-Heek-Legden).<\/p>\n<hr \/>\n<p>&nbsp;<\/p>\n<p><img loading=\"lazy\" class=\"alignnone wp-image-163 size-medium\" src=\"http:\/\/regionalforum-nrw.de\/wp-content\/uploads\/2015\/09\/Sobotta-300x206.jpg\" alt=\"sobotta\" width=\"300\" height=\"206\" srcset=\"http:\/\/regionalforum-nrw.de\/wp-content\/uploads\/2015\/09\/Sobotta-300x206.jpg 300w, http:\/\/regionalforum-nrw.de\/wp-content\/uploads\/2015\/09\/Sobotta.jpg 329w\" sizes=\"(max-width: 300px) 100vw, 300px\" \/><\/p>\n<ul>\n<li>Alexander Sobotta<\/li>\n<li>Z\u00fclpicher B\u00f6rde<\/li>\n<li>02252 &#8211; 52 344<\/li>\n<li>sobotta@zuelpicherboerde.de<\/li>\n<\/ul>\n<hr \/>\n<p><a href=\"http:\/\/regionalforum-nrw.de\/wp-content\/uploads\/2015\/09\/ASP-Br\u00f6ckling1.png\"><img loading=\"lazy\" class=\"alignnone wp-image-23 size-medium\" src=\"http:\/\/regionalforum-nrw.de\/wp-content\/uploads\/2015\/09\/ASP-Br\u00f6ckling1-300x206.png\" alt=\"ASP Br\u00f6ckling\" width=\"300\" height=\"206\" srcset=\"http:\/\/regionalforum-nrw.de\/wp-content\/uploads\/2015\/09\/ASP-Br\u00f6ckling1-300x206.png 300w, http:\/\/regionalforum-nrw.de\/wp-content\/uploads\/2015\/09\/ASP-Br\u00f6ckling1.png 329w\" sizes=\"(max-width: 300px) 100vw, 300px\" \/><\/a><\/p>\n<ul>\n<li>Dr. Frank Br\u00f6ckling<\/li>\n<li>Kulturlandschaft Ahaus-Heek-Legden<\/li>\n<li>0251 \u2013 48 400 18<\/li>\n<li>info@planinvent.de<\/li>\n<\/ul>\n<hr \/>\n<p><a href=\"http:\/\/regionalforum-nrw.de\/wp-content\/uploads\/2015\/09\/ASP-Jaegers1.png\"><img loading=\"lazy\" class=\"alignnone wp-image-24 size-full\" src=\"http:\/\/regionalforum-nrw.de\/wp-content\/uploads\/2015\/09\/ASP-Jaegers1.png\" alt=\"ASP Jaegers\" width=\"296\" height=\"226\" \/><\/a><\/p>\n<ul>\n<li>Alexander Jaegers<\/li>\n<li>Baumberge \/ Bocholter Aa<\/li>\n<li>02561 \u2013 97 999 30<\/li>\n<li>info@projaegt.de<\/li>\n<\/ul>\n<hr \/>\n<p>&nbsp;<\/p>\n<p>&nbsp;<\/p>\n","protected":false},"excerpt":{"rendered":"<p>Die Sprechergruppe, die das Forum nach au\u00dfen vertritt, besteht derzeit aus Alexander Sobotta (Z\u00fclpicher B\u00f6rde), Alexander Jaegers (Bocholter Aa \/ Baumberge) und Dr. Frank Br\u00f6ckling (Region Kulturlandschaft Ahaus-Heek-Legden). &nbsp; Alexander Sobotta Z\u00fclpicher B\u00f6rde 02252 &#8211; 52 344 sobotta@zuelpicherboerde.de Dr. Frank &hellip; <a href=\"http:\/\/regionalforum-nrw.de\/?page_id=54\">Weiterlesen <span class=\"meta-nav\">&rarr;<\/span><\/a><\/p>\n","protected":false},"author":1,"featured_media":0,"parent":0,"menu_order":0,"comment_status":"closed","ping_status":"closed","template":"","meta":[],"_links":{"self":[{"href":"http:\/\/regionalforum-nrw.de\/index.php?rest_route=\/wp\/v2\/pages\/54"}],"collection":[{"href":"http:\/\/regionalforum-nrw.de\/index.php?rest_route=\/wp\/v2\/pages"}],"about":[{"href":"http:\/\/regionalforum-nrw.de\/index.php?rest_route=\/wp\/v2\/types\/page"}],"author":[{"embeddable":true,"href":"http:\/\/regionalforum-nrw.de\/index.php?rest_route=\/wp\/v2\/users\/1"}],"replies":[{"embeddable":true,"href":"http:\/\/regionalforum-nrw.de\/index.php?rest_route=%2Fwp%2Fv2%2Fcomments&post=54"}],"version-history":[{"count":13,"href":"http:\/\/regionalforum-nrw.de\/index.php?rest_route=\/wp\/v2\/pages\/54\/revisions"}],"predecessor-version":[{"id":181,"href":"http:\/\/regionalforum-nrw.de\/index.php?rest_route=\/wp\/v2\/pages\/54\/revisions\/181"}],"wp:attachment":[{"href":"http:\/\/regionalforum-nrw.de\/index.php?rest_route=%2Fwp%2Fv2%2Fmedia&parent=54"}],"curies":[{"name":"wp","href":"https:\/\/api.w.org\/{rel}","templated":true}]}}

<p>Die Sprechergruppe, die das Forum nach außen vertritt, besteht derzeit aus Alexander Sobotta (Zülpicher Börde), Alexander Jaegers (Bocholter Aa / Baumberge) und Dr. Frank Bröckling (Region Kulturlandschaft Ahaus-Heek-Legden).</p>
<hr />
<p>&nbsp;</p>
<p><img loading="lazy" class="alignnone wp-image-163 size-medium" src="http://regionalforum-nrw.de/wp-content/uploads/2015/09/Sobotta-300x206.jpg" alt="sobotta" width="300" height="206" srcset="http://regionalforum-nrw.de/wp-content/uploads/2015/09/Sobotta-300x206.jpg 300w, http://regionalforum-nrw.de/wp-content/uploads/2015/09/Sobotta.jpg 329w" sizes="(max-width: 300px) 100vw, 300px" /></p>
<ul>
<li>Alexander Sobotta</li>
<li>Zülpicher Börde</li>
<li>02252 &#8211; 52 344</li>
<li>sobotta@zuelpicherboerde.de</li>
</ul>
<hr />
<p><a href="http://regionalforum-nrw.de/wp-content/uploads/2015/09/ASP-Bröckling1.png"><img loading="lazy" class="alignnone wp-image-23 size-medium" src="http://regionalforum-nrw.de/wp-content/uploads/2015/09/ASP-Bröckling1-300x206.png" alt="ASP Bröckling" width="300" height="206" srcset="http://regionalforum-nrw.de/wp-content/uploads/2015/09/ASP-Bröckling1-300x206.png 300w, http://regionalforum-nrw.de/wp-content/uploads/2015/09/ASP-Bröckling1.png 329w" sizes="(max-width: 300px) 100vw, 300px" /></a></p>
<ul>
<li>Dr. Frank Bröckling</li>
<li>Kulturlandschaft Ahaus-Heek-Legden</li>
<li>0251 – 48 400 18</li>
<li>info@planinvent.de</li>
</ul>
<hr />
<p><a href="http://regionalforum-nrw.de/wp-content/uploads/2015/09/ASP-Jaegers1.png"><img loading="lazy" class="alignnone wp-image-24 size-full" src="http://regionalforum-nrw.de/wp-content/uploads/2015/09/ASP-Jaegers1.png" alt="ASP Jaegers" width="296" height="226" /></a></p>
<ul>
<li>Alexander Jaegers</li>
<li>Baumberge / Bocholter Aa</li>
<li>02561 – 97 999 30</li>
<li>info@projaegt.de</li>
</ul>
<hr />
<p>&nbsp;</p>
<p>&nbsp;</p>

<p>Die Sprechergruppe, die das Forum nach außen vertritt, besteht derzeit aus Alexander Sobotta (Zülpicher Börde), Alexander Jaegers (Bocholter Aa / Baumberge) und Dr. Frank Bröckling (Region Kulturlandschaft Ahaus-Heek-Legden). &nbsp; Alexander Sobotta Zülpicher Börde 02252 &#8211; 52 344 sobotta@zuelpicherboerde.de Dr. Frank &hellip; <a href="http://regionalforum-nrw.de/?page_id=54">Weiterlesen <span class="meta-nav">&rarr;</span></a></p>
