{"id":16,"date":"2015-09-09T09:22:55","date_gmt":"2015-09-09T09:22:55","guid":{"rendered":"http:\/\/regionalforum-nrw.de\/?page_id=16"},"modified":"2015-09-10T09:56:52","modified_gmt":"2015-09-10T09:56:52","slug":"die-zukunft-des-regionalforums-nrw","status":"publish","type":"page","link":"http:\/\/regionalforum-nrw.de\/?page_id=16","title":{"rendered":"Die Zukunft des regionalFORUMs\u2026"},"content":{"rendered":"<p>Derzeit laufen \u00dcberlegungen, dem Regionalforum NRW die Rechtsform eines eingetragenen Vereines e.V. nach deutschem Recht zu geben.<\/p>\n<p>Damit soll aus dem informellen Zusammenschluss ein organisierter werden; dieser Schritt erscheint n\u00f6tig, da sich mit der neuen F\u00f6rderperiode 2014-2020 die Zahl der potenziellen Regionalforumsmitglieder mehr als verdoppelt. Die derzeitigen Regionalforumsteilnehmer werden dar\u00fcber in K\u00fcrze weiter beraten und entsprechende Vorschl\u00e4ge unterbreiten.<\/p>\n<p>Ein gemeinsames Treffen aller 28 in NRW t\u00e4tigen Regionalmanager soll nach deren Ernennungen (die aufgrund der in den Regionen individuell laufenden Ausschreibungsverfahren vollst\u00e4ndig erst f\u00fcr das Jahresende 2015 erwartet werden) zum Anfang 2016 einberufen werden.<\/p>\n","protected":false},"excerpt":{"rendered":"<p>Derzeit laufen \u00dcberlegungen, dem Regionalforum NRW die Rechtsform eines eingetragenen Vereines e.V. nach deutschem Recht zu geben. Damit soll aus dem informellen Zusammenschluss ein organisierter werden; dieser Schritt erscheint n\u00f6tig, da sich mit der neuen F\u00f6rderperiode 2014-2020 die Zahl der &hellip; <a href=\"http:\/\/regionalforum-nrw.de\/?page_id=16\">Weiterlesen <span class=\"meta-nav\">&rarr;<\/span><\/a><\/p>\n","protected":false},"author":1,"featured_media":0,"parent":0,"menu_order":0,"comment_status":"closed","ping_status":"closed","template":"","meta":[],"_links":{"self":[{"href":"http:\/\/regionalforum-nrw.de\/index.php?rest_route=\/wp\/v2\/pages\/16"}],"collection":[{"href":"http:\/\/regionalforum-nrw.de\/index.php?rest_route=\/wp\/v2\/pages"}],"about":[{"href":"http:\/\/regionalforum-nrw.de\/index.php?rest_route=\/wp\/v2\/types\/page"}],"author":[{"embeddable":true,"href":"http:\/\/regionalforum-nrw.de\/index.php?rest_route=\/wp\/v2\/users\/1"}],"replies":[{"embeddable":true,"href":"http:\/\/regionalforum-nrw.de\/index.php?rest_route=%2Fwp%2Fv2%2Fcomments&post=16"}],"version-history":[{"count":4,"href":"http:\/\/regionalforum-nrw.de\/index.php?rest_route=\/wp\/v2\/pages\/16\/revisions"}],"predecessor-version":[{"id":121,"href":"http:\/\/regionalforum-nrw.de\/index.php?rest_route=\/wp\/v2\/pages\/16\/revisions\/121"}],"wp:attachment":[{"href":"http:\/\/regionalforum-nrw.de\/index.php?rest_route=%2Fwp%2Fv2%2Fmedia&parent=16"}],"curies":[{"name":"wp","href":"https:\/\/api.w.org\/{rel}","templated":true}]}}

<p>Derzeit laufen Überlegungen, dem Regionalforum NRW die Rechtsform eines eingetragenen Vereines e.V. nach deutschem Recht zu geben.</p>
<p>Damit soll aus dem informellen Zusammenschluss ein organisierter werden; dieser Schritt erscheint nötig, da sich mit der neuen Förderperiode 2014-2020 die Zahl der potenziellen Regionalforumsmitglieder mehr als verdoppelt. Die derzeitigen Regionalforumsteilnehmer werden darüber in Kürze weiter beraten und entsprechende Vorschläge unterbreiten.</p>
<p>Ein gemeinsames Treffen aller 28 in NRW tätigen Regionalmanager soll nach deren Ernennungen (die aufgrund der in den Regionen individuell laufenden Ausschreibungsverfahren vollständig erst für das Jahresende 2015 erwartet werden) zum Anfang 2016 einberufen werden.</p>

<p>Derzeit laufen Überlegungen, dem Regionalforum NRW die Rechtsform eines eingetragenen Vereines e.V. nach deutschem Recht zu geben. Damit soll aus dem informellen Zusammenschluss ein organisierter werden; dieser Schritt erscheint nötig, da sich mit der neuen Förderperiode 2014-2020 die Zahl der &hellip; <a href="http://regionalforum-nrw.de/?page_id=16">Weiterlesen <span class="meta-nav">&rarr;</span></a></p>
