{"id":122,"date":"2015-09-10T09:57:46","date_gmt":"2015-09-10T09:57:46","guid":{"rendered":"http:\/\/regionalforum-nrw.de\/?page_id=122"},"modified":"2016-09-23T09:10:32","modified_gmt":"2016-09-23T09:10:32","slug":"termine","status":"publish","type":"page","link":"http:\/\/regionalforum-nrw.de\/?page_id=122","title":{"rendered":"Termine"},"content":{"rendered":"<p>Derzeit stehen keine Termine des regionalFORUMs an. Die n\u00e4chste Zusammenkunft des Forums ist f\u00fcr Anfang 2017 vorgesehen. Weitere Informationen folgen hier in K\u00fcrze.<\/p>\n","protected":false},"excerpt":{"rendered":"<p>Derzeit stehen keine Termine des regionalFORUMs an. Die n\u00e4chste Zusammenkunft des Forums ist f\u00fcr Anfang 2017 vorgesehen. Weitere Informationen folgen hier in K\u00fcrze.<\/p>\n","protected":false},"author":1,"featured_media":0,"parent":0,"menu_order":0,"comment_status":"closed","ping_status":"closed","template":"","meta":[],"_links":{"self":[{"href":"http:\/\/regionalforum-nrw.de\/index.php?rest_route=\/wp\/v2\/pages\/122"}],"collection":[{"href":"http:\/\/regionalforum-nrw.de\/index.php?rest_route=\/wp\/v2\/pages"}],"about":[{"href":"http:\/\/regionalforum-nrw.de\/index.php?rest_route=\/wp\/v2\/types\/page"}],"author":[{"embeddable":true,"href":"http:\/\/regionalforum-nrw.de\/index.php?rest_route=\/wp\/v2\/users\/1"}],"replies":[{"embeddable":true,"href":"http:\/\/regionalforum-nrw.de\/index.php?rest_route=%2Fwp%2Fv2%2Fcomments&post=122"}],"version-history":[{"count":2,"href":"http:\/\/regionalforum-nrw.de\/index.php?rest_route=\/wp\/v2\/pages\/122\/revisions"}],"predecessor-version":[{"id":172,"href":"http:\/\/regionalforum-nrw.de\/index.php?rest_route=\/wp\/v2\/pages\/122\/revisions\/172"}],"wp:attachment":[{"href":"http:\/\/regionalforum-nrw.de\/index.php?rest_route=%2Fwp%2Fv2%2Fmedia&parent=122"}],"curies":[{"name":"wp","href":"https:\/\/api.w.org\/{rel}","templated":true}]}}