{"id":11,"date":"2015-09-09T09:21:52","date_gmt":"2015-09-09T09:21:52","guid":{"rendered":"http:\/\/regionalforum-nrw.de\/?page_id=11"},"modified":"2015-09-09T10:26:51","modified_gmt":"2015-09-09T10:26:51","slug":"warum-ein-regionalforum-nrw","status":"publish","type":"page","link":"http:\/\/regionalforum-nrw.de\/?page_id=11","title":{"rendered":"Warum ein regionalFORUM NRW?"},"content":{"rendered":"<p>Die Anforderungen, die das LEADER-Programm an Regionen und deren Koordinatoren stellt, sind umfangreich. Dabei steht jede einzelne Region und jedes Regionalmanagement immer wieder vor gleichartigen Herausforderungen.<\/p>\n<p>Der informelle Austausch der Regionalmanager kann dabei helfen, den Umgang mit dem Programm zu vereinfachen und bietet den RegionalmanagerInnen die M\u00f6glichkeit zur schnelleren Orientierung. Fragen und Unklarheiten, aber auch positive Erfahrungen und Fallbeispiele werden im Forum ausgetauscht und sorgen f\u00fcr mehr Klarheit und Transparenz bei der Abwicklung aller Regionen im Lande.<\/p>\n<p>Dar\u00fcber hinaus finden die LEADER-Regionen Nordrhein-Westfalens durch das Forum eine gemeinsame Stimme: In der Zeit seit seiner Gr\u00fcndung konnte das Forum bereits ein starkes <i>standing<\/i> bei den Bezirksregierungen und im Landesministerium erreichen. So ist das Regionalforum NRW z.B. Mitglied im LEADER-Begleitausschuss in D\u00fcsseldorf, genie\u00dft Anerkennung im Zentrum f\u00fcr l\u00e4ndliche Entwicklung (ZeLE im MKULNV) und organisierte 2013 eine viel beachtete LEADER-Ausstellung f\u00fcr die Abgeordneten im Foyer des D\u00fcsseldorfer Landtages.<\/p>\n<p>Im Rahmen dieser Ausstellung formulierte das Regionalforum NRW auch die \u201e5 Thesen zu LEADER 2014+\u201c, ein Erwartungskatalog zur Programmgestaltung LEADER in der F\u00f6rderperiode 2014-2020. Mit derlei Aktionen hilft das Forum dabei, aus zahlreichen einzelnen Regionen einen meinungsstarken Verbund zu generieren, der auch geh\u00f6rt wird. Damit unterst\u00fctzt das Regionalforum die LEADER-Arbeit im Land und tr\u00e4gt in nicht unerheblichem Ma\u00dfe dazu bei, die positiven Effekte zu verst\u00e4rken, die LEADER in Nordrhein-Westfalen und seinen Regionen erzielt.<\/p>\n<p>F\u00fcr die F\u00f6rderperiode 2014-2020 haben die LEADER-Regionen der letzten F\u00f6rderperiode zudem die Realisierung von kooperativen Verbundprojekten anvisiert, die in den LES der Regionen im Wettbewerb aufgef\u00fchrt wurden.<\/p>\n","protected":false},"excerpt":{"rendered":"<p>Die Anforderungen, die das LEADER-Programm an Regionen und deren Koordinatoren stellt, sind umfangreich. Dabei steht jede einzelne Region und jedes Regionalmanagement immer wieder vor gleichartigen Herausforderungen. Der informelle Austausch der Regionalmanager kann dabei helfen, den Umgang mit dem Programm zu &hellip; <a href=\"http:\/\/regionalforum-nrw.de\/?page_id=11\">Weiterlesen <span class=\"meta-nav\">&rarr;<\/span><\/a><\/p>\n","protected":false},"author":1,"featured_media":0,"parent":0,"menu_order":0,"comment_status":"closed","ping_status":"closed","template":"","meta":[],"_links":{"self":[{"href":"http:\/\/regionalforum-nrw.de\/index.php?rest_route=\/wp\/v2\/pages\/11"}],"collection":[{"href":"http:\/\/regionalforum-nrw.de\/index.php?rest_route=\/wp\/v2\/pages"}],"about":[{"href":"http:\/\/regionalforum-nrw.de\/index.php?rest_route=\/wp\/v2\/types\/page"}],"author":[{"embeddable":true,"href":"http:\/\/regionalforum-nrw.de\/index.php?rest_route=\/wp\/v2\/users\/1"}],"replies":[{"embeddable":true,"href":"http:\/\/regionalforum-nrw.de\/index.php?rest_route=%2Fwp%2Fv2%2Fcomments&post=11"}],"version-history":[{"count":3,"href":"http:\/\/regionalforum-nrw.de\/index.php?rest_route=\/wp\/v2\/pages\/11\/revisions"}],"predecessor-version":[{"id":50,"href":"http:\/\/regionalforum-nrw.de\/index.php?rest_route=\/wp\/v2\/pages\/11\/revisions\/50"}],"wp:attachment":[{"href":"http:\/\/regionalforum-nrw.de\/index.php?rest_route=%2Fwp%2Fv2%2Fmedia&parent=11"}],"curies":[{"name":"wp","href":"https:\/\/api.w.org\/{rel}","templated":true}]}}

<p>Die Anforderungen, die das LEADER-Programm an Regionen und deren Koordinatoren stellt, sind umfangreich. Dabei steht jede einzelne Region und jedes Regionalmanagement immer wieder vor gleichartigen Herausforderungen.</p>
<p>Der informelle Austausch der Regionalmanager kann dabei helfen, den Umgang mit dem Programm zu vereinfachen und bietet den RegionalmanagerInnen die Möglichkeit zur schnelleren Orientierung. Fragen und Unklarheiten, aber auch positive Erfahrungen und Fallbeispiele werden im Forum ausgetauscht und sorgen für mehr Klarheit und Transparenz bei der Abwicklung aller Regionen im Lande.</p>
<p>Darüber hinaus finden die LEADER-Regionen Nordrhein-Westfalens durch das Forum eine gemeinsame Stimme: In der Zeit seit seiner Gründung konnte das Forum bereits ein starkes <i>standing</i> bei den Bezirksregierungen und im Landesministerium erreichen. So ist das Regionalforum NRW z.B. Mitglied im LEADER-Begleitausschuss in Düsseldorf, genießt Anerkennung im Zentrum für ländliche Entwicklung (ZeLE im MKULNV) und organisierte 2013 eine viel beachtete LEADER-Ausstellung für die Abgeordneten im Foyer des Düsseldorfer Landtages.</p>
<p>Im Rahmen dieser Ausstellung formulierte das Regionalforum NRW auch die „5 Thesen zu LEADER 2014+“, ein Erwartungskatalog zur Programmgestaltung LEADER in der Förderperiode 2014-2020. Mit derlei Aktionen hilft das Forum dabei, aus zahlreichen einzelnen Regionen einen meinungsstarken Verbund zu generieren, der auch gehört wird. Damit unterstützt das Regionalforum die LEADER-Arbeit im Land und trägt in nicht unerheblichem Maße dazu bei, die positiven Effekte zu verstärken, die LEADER in Nordrhein-Westfalen und seinen Regionen erzielt.</p>
<p>Für die Förderperiode 2014-2020 haben die LEADER-Regionen der letzten Förderperiode zudem die Realisierung von kooperativen Verbundprojekten anvisiert, die in den LES der Regionen im Wettbewerb aufgeführt wurden.</p>
